ive of o(c). What is v(t)?
-13
Let z(h) = -8*h**3 - 2*h**2 + 1. Suppose -735 = -3*p - 3*g + 783, -4*g - 16 = 0. Let i = p + -511. Give z(i).
7
Let v(g) = -g**2 + 2*g + 33. Let c be (54/(-18))/(((-16)/(-56))/((-8)/14)). Determine v(c).
9
Let z(c) be the third derivative of c**6/120 - 11*c**5/60 + c**4/12 - 10*c**3/3 - 20*c**2 - 27*c. Give z(11).
2
Let g(z) = -16*z**2 - 68*z + 100. Let r(h) = 13*h - 20 - 78*h**2 + 163*h**2 - 82*h**2. Let j(q) = 2*g(q) + 11*r(q). Determine j(-9).
-2
Let g(z) be the second derivative of -z**3/3 - 1743*z. Give g(-3).
6
Let d(n) = 7*n**2 - 2*n + 1. Suppose -m = -h - 3, 0*h + 2*m = -5*h + 13. Let s be (h/(-4))/((-2)/8). Determine d(s).
6
Suppose 13*x + 91 - 130 = 0. Let u(m) = 3 + x + 2 + 7*m - m**2. Calculate u(8).
0
Let j(k) = k**2 + 9*k - 13. Let t(m) be the first derivative of -m**3/3 + m**2/2 - 8*m + 43. Let g be t(2). What is j(g)?
-3
Let j(s) = -2*s - 14. Let m be -2 + -1 - (-9)/1. Let v be 5 + -14 - (-6)/m. Determine j(v).
2
Suppose -c + 19 = 3*l, 4*l = c - 4*c + 32. Let w(r) = r**3 - 12*r**2 + 31*r**2 - 3*r - 22*r**2 + 1. Determine w(c).
5
Let q(l) = -l**3 + 8*l**2 - 2*l + 4. Let u be q(4). Let t be (-1 - -7)*u/(-18). Let j be 1 - (75/t + 2/(-8)). Let r(k) = k**2 - 8*k + 4. What is r(j)?
-11
Let q(v) = 1. Let l(m) = 2*m - 2. Let a(g) = l(g) + 3*q(g). Suppose 0 = -30*z + 11*z + 114. Give a(z).
13
Let r(v) = -5*v**2 - 5*v - 3. Let o(c) = 11*c**2 + 11*c + 7. Let m(a) = 6*o(a) + 13*r(a). Let q be 4/(9/(108/(-16))). Give m(q).
9
Let r(o) = -o - 34. Let z = 3277 - 3288. Calculate r(z).
-23
Let u = -8 - -6. Let d(i) = -9*i - 6. Let n = -38 + 35. Let y(f) = -7*f - 5. Let k(g) = n*d(g) + 4*y(g). Give k(u).
0
Let m(k) = 26*k - 57. Let r(i) = 16*i - 29. Let h(l) = 4*m(l) - 7*r(l). What is h(-3)?
-1
Let m(v) = 2*v**3 - 4*v**2 + v - 1. Let w be m(3). Let b be (4 + (-85)/w)*-12. Let o(k) = -7 - k**3 + 69*k - 7*k**2 - 61*k + 2*k**b. Calculate o(6).
5
Let q be 17/((-136)/(-48)) + (-3 + 6)*-1. Let t(j) = -j**2 + j + 2. Let r(y) = y**2 - y - 1. Let o(l) = -2*r(l) - 3*t(l). Give o(q).
2
Let f(u) = -3*u + 0*u**3 + 2 - 1 + 3*u**3 - 2*u**3. Let i(w) = 29*w + 116. Let l be i(-4). Suppose 46*d - 69 - 23 = l. Give f(d).
3
Let b(n) = 5066*n**2 - 8*n - 8*n - 2536*n**2 - 2529*n**2 + 65. What is b(9)?
2
Let n be (-30186)/2340 - -13*1. Let l(c) be the third derivative of 0*c + n*c**5 + 0 + 0*c**4 - 1/6*c**3 - 16*c**2. Give l(-1).
5
Let o(r) = r**3 + 2*r**2 - 5*r - 4. Let c be (90/(-75))/(3/10). Let h be c/(-6)*27/(-6). Give o(h).
2
Let j(z) = -z + 17. Let x be (-12)/(-14) - (-784)/686. Calculate j(x).
15
Suppose 0 = -c, -11*n + 5*c + 18 = -12*n. Let z be n/8*(-11)/(-33)*-12. Let b(r) = r - 11. Determine b(z).
-2
Suppose 3 = 3*k, a + 7*k = 1 + 2. Let d(m) be the second derivative of m**4/12 + m**3/6 - 5*m**2/2 + 14*m. Determine d(a).
7
Let b = -382 + 385. Let k(v) = 36*v - v**3 + b - 7*v**2 - 65*v + 25*v. Determine k(-4).
-29
Let o(s) = -3*s + 1. Let w be o(0). Let q be 2/(-10) + 368/40. Let n(v) = 9*v - 5 - 5 + q. Determine n(w).
8
Let q = -22 - -26. Let x = -2 + q. Let d(s) = 3*s**2 + 2*s**2 + 1 - 6*s**x - 3*s. Determine d(-5).
-9
Let l(x) = 8*x + 2. Let h(n) = -n**3 + 5*n**2 + 23*n + 3. Let g be h(11). Let i = 466 + g. What is l(i)?
-30
Let t(h) = 3*h + 6. Let r(f) = 7 - 14*f - 14*f - 26 + 17*f - 11. Let b(z) = -2*r(z) - 9*t(z). Determine b(3).
-9
Let i = 63 - 58. Let q be -1*((-50)/(-20))/((-2)/4). Suppose -v + 15 = -3*j, i*j + 18 = v - q. Let k(b) = -b + 1. What is k(j)?
5
Suppose 0 = 2*n + 14 - 58. Suppose 4*w + 4*p - 16 = 0, -16 + n = -2*w + 5*p. Let q(u) = 5*u - 2. What is q(w)?
8
Let m(z) be the third derivative of z**4/24 - 5*z**3/6 - z**2. Let k = -305 + 308. Suppose -k = -10*j + 57. Give m(j).
1
Let x(m) = 5*m**2 + 564*m + 8*m**2 - 192*m - 194*m - 186*m + 2*m**3. Give x(-7).
7
Suppose 4*q + 140 = 9*q - 5*j, -118 = -4*q + j. Let a = -35 + q. Let u(w) be the second derivative of w**4/12 + w**3/2 - w**2/2 - w + 41. Determine u(a).
9
Let n(x) = 6*x + 2. Suppose -5*d - 120 = -75. Let h(l) = 25*l + 7. Let m(g) = d*n(g) + 2*h(g). Determine m(-2).
4
Let x(z) = -z**3 - z**2 - z + 23. Suppose -u + 13 = -m - m, -3*m - 6 = 3*u. Suppose o - 13 = -u*f, 0*o - 4 = -2*f + 4*o. Suppose -5*r - f*r = -4*r. Give x(r).
23
Suppose 9*h = 12*h - 3. Let b(q) be the first derivative of 4*q**3/3 + q**2 - q + 1372. Give b(h).
5
Let h(d) = d**2 - 1. Let r(n) = n**2 + n - 2. Let a(o) = -2*h(o) + r(o). Let p(f) be the first derivative of 3*f**2/2 - 36*f - 5. Let t be p(12). What is a(t)?
0
Let k(f) be the second derivative of -f**5/20 + 5*f**4/3 + f**3 - 61*f**2 + 11*f + 22. What is k(20)?
-2
Let s(x) = x**2 - 86*x + 1289. Let y be s(67). Let h(u) = 8*u - 78. Give h(y).
50
Let p be (3*-1)/(-4 - (-15)/5). Let w(j) be the second derivative of 8*j + 2*j**2 - 1/3*j**3 + 0. Give w(p).
-2
Let w(i) be the first derivative of 3*i**2/2 - 13*i - 198. Suppose 3*c - 25 = -5*j, -2*j + 6*c - 5*c = -21. What is w(j)?
11
Let d(o) be the first derivative of -o**4/4 - 5*o**2/2 - 4*o - 655. Calculate d(-1).
2
Let v = -42 + 35. Let q(l) be the third derivative of l**6/120 + l**5/12 - 3*l**4/8 + 4*l**3/3 + 16*l**2 + 26. Determine q(v).
-27
Let o(l) = l**2 + 3*l + 2. Let d be (((-225)/(-10))/9)/((-1)/(-2)). Let b be (0 + -1 - -3)*d/2. Let w(y) = -y**3 + 6*y**2 - 5*y - 4. Let g be w(b). Give o(g).
6
Let o(y) = -y - 1. Let f(v) = -5*v**2 - 6*v - 6. Let z(h) = f(h) - 4*o(h). Suppose x - 1 = -5, 3*x = 3*q - 24. Let r be (1 + (-12)/8)*q. Calculate z(r).
-18
Let d = 38 - 11. Let l(h) = h - 28. Let r be l(d). Let o(f) = -f + 1. Determine o(r).
2
Let o(k) be the third derivative of 4*k**2 + 1/60*k**5 + 0 + 2*k - 1/3*k**3 + 1/3*k**4. Suppose 26 = -2*h - 2*a, -5*h - 4*a = -6*a + 30. What is o(h)?
-2
Let u(f) be the first derivative of f**4/24 - f**3/3 + f**2 + 4*f + 104. Let z(j) be the second derivative of u(j). Calculate z(-4).
-6
Let g(o) = -o + 22. Let t(m) = 4*m + 49. Let k be t(-11). Suppose 3*b = 2*j + 4, 4*j + 6 = k*b + j. Suppose -5*p = -3*r - 0*r, b = -r + p. Give g(r).
22
Suppose -4*o = y + 2, 0 = 4*y - 2*o + 15 - 43. Let i(u) = u**2 + 46*u - 305. Calculate i(y).
7
Let n(v) be the first derivative of v**3/3 - 5*v**2 + 52*v - 255. Calculate n(9).
43
Let v(w) = 4*w + 39. Suppose 1548 = -4*p - 125*p. Determine v(p).
-9
Suppose 3*r - 3*g + 58 + 38 = 0, -g = 5*r + 130. Let b = 30 + r. Let s(a) = -3*a + 7*a**2 + 7*a + 2*a + a**b. Determine s(-4).
24
Let z(f) = 3. Let m be (98/8)/(12/48). Let y be 2/7 - 112/m. Let b(o) = o. Let i(r) = y*b(r) - z(r). Determine i(-2).
1
Let c = -11843 + 11817. Let s(f) = f**2 + 24*f - 44. Determine s(c).
8
Let g(r) = -r**3 - 11*r**2 + 11*r - 13. Suppose 109*l - 946 = 110*l. Let p be (-2)/(-4) + l/(-44). Suppose 11*x + 110 + p = 0. What is g(x)?
-1
Let v(u) = -33*u - 191. Let a(o) = 41*o + 194. Let y(r) = 3*a(r) + 4*v(r). Determine y(-20).
-2
Let w(a) = -2*a**2 + 14*a + 1. Let s(n) = 3*n**2 - 22*n - 1. Suppose 33 + 1 = -4*q + o, -2 = -o. Let r(h) = q*w(h) - 5*s(h). Determine r(-2).
5
Let r(a) = 6*a + 4. Let t(i) be the second derivative of i**4/12 + i**3/3 - 5*i**2/2 + 159*i. Let v be t(-2). What is r(v)?
-26
Let h(j) be the third derivative of j**6/120 - j**5/12 + j**4/12 + 4*j**3/3 + 1059*j**2. Determine h(4).
0
Let l(z) = z**3 + 24*z**2 - 27*z - 47. Let s be l(-25). Let u = s - -1. Let w(n) = 3 + u*n - n + 4*n. Determine w(-3).
-18
Let m = 8 + -7. Let u(v) = 12*v**3 + 7*v**2 - 3*v + 1. Let k(z) = 40*z**3 + 23*z**2 - 9*z + 3. Let h(w) = -2*k(w) + 7*u(w). Calculate h(m).
5
Let y(o) = 17*o**2 + 538*o + 326. Let n be y(-31). Let a(w) = w + 33. Give a(n).
18
Let o(r) = -78*r - 108. Let c be o(-5). Suppose -280*p = -c*p + 14. Let d(w) = -w + 15. What is d(p)?
8
Suppose -13*a + 12 + 14 = 0. Let o(t) = -6*t**a + 12 - 22 + 11. Determine o(-1).
-5
Let w be -9 - (-16 + -8 + 9). Let h(l) be the first derivative of 7 - 1/4*l**4 + 5/3*l**3 + 3*l**2 + 6*l. Calculate h(w).
6
Let i = -4 + 6. Let x(g) be the first derivative of g - 276 - 3/2*g**2. Determine x(i).
-5
Let j be (-330)/264*8/(-2). Suppose l - 14 = j*f - 2, -3*l + 23 = -2*f. Let z(v) = -v**2 + 6*v - 4. Give z(l).
-11
Suppose -t + 46 = 3*p + 128, 0 = -14*p - 2*t - 372. Let q(o) = -o**2 - 25*o + 35. Determine q(p).
9
Let c(x) be the third derivative of -x**4/12 + x**3/2 + x**2. Let w = -413 - -417. Let y(